t is p(-7)?
-11
Let i(x) = -41*x**3 - 59*x**2 - 37*x - 58. Let a(m) = -13*m**3 - 19*m**2 - 12*m - 19. Let g(f) = -19*a(f) + 6*i(f). What is g(-6)?
13
Suppose -2*d = -0 - 10. Let s(y) = -d*y - 13 + 7 + 2*y. Suppose p - 22*p - 84 = 0. Determine s(p).
6
Let g(r) = 33*r + 5 - 10*r - 15*r - 10*r. Let o(y) = -y + 6. Let f(x) = -4*g(x) + 3*o(x). What is f(2)?
8
Let s(w) = -w**3 - 5*w**2 + 7*w + 6. Let h be s(-6). Let b(c) = -20957 - c - 20965 + 62878 - 20950. What is b(h)?
6
Let y(m) = -109*m + 74 + 2 - 4 - 75. Determine y(-1).
106
Let h = 4816 - 4820. Let v(f) = -f**2 - 10*f - 17. Give v(h).
7
Let y(o) = 25 + 285*o - 154*o + 2*o**2 - 149*o. Calculate y(6).
-11
Let g(q) = 5 - 6 - q - 1. Suppose -13*y = 8*y + 84. Let o be 21/(-5) - y/(-5). Give g(o).
3
Let f(j) = -35*j + 78*j - 44*j - 34. Give f(-20).
-14
Let i(s) be the second derivative of 3*s**3/2 + 4*s**2 + 1781*s. What is i(-8)?
-64
Let o(i) = -i**3 - 4*i**2 + 3. Let h be o(-4). Let m(q) = 19 - q**3 - 52 + 22 - q + 3*q**2 + 15 - 3*q. What is m(h)?
-8
Let c(h) = -6*h - 3*h**2 - 7 + 434*h**3 + 9*h - 435*h**3 + 10*h + 7*h**2. Calculate c(6).
-1
Let a(s) = s**2 - 7*s - 14. Suppose -5*m + y = -26, 2*y + 111 = 129. Give a(m).
-14
Let q(j) be the first derivative of -j**4/4 + 2*j**3 - 3*j**2/2 - 5. Let t(r) = -r**2 + 75*r + 1569. Let b be t(92). Give q(b).
10
Let m(b) = b + 248. Let c(s) = -s - 26. Let x(k) = 6*c(k) + m(k). Calculate x(18).
2
Let o(j) be the third derivative of j**5/30 + 13*j**4/24 - 2*j**3 + 23*j**2 + 183*j. Give o(0).
-12
Let h(b) = 254 + 26 + 108 + 15*b. Calculate h(-26).
-2
Let d(v) be the second derivative of -v**5/20 + v**4/3 + 2*v**3/3 + 3*v**2/2 - 5545*v. Determine d(-4).
115
Let p(z) be the third derivative of z**8/6720 - z**7/315 - z**6/90 - 7*z**5/120 - z**4/6 + 93*z**2. Let o(y) be the second derivative of p(y). What is o(9)?
2
Let o = -90 - -82. Let u(h) be the second derivative of h**4/12 + h**3 - 11*h**2 - h + 307. What is u(o)?
-6
Let y = -162 + 137. Let g(h) = h**2 + 27*h + 57. Let d be g(y). Let n(q) = -2 - 6*q + 5*q + 8*q - q**2 + q. Calculate n(d).
5
Let u(j) = -j**2 - 9*j - 2. Let p(c) = 4*c + 40. Let v(o) = -40*o + 269. Let l be v(7). Let s be p(l). Give u(s).
18
Let h(x) be the third derivative of -x**6/120 - 7*x**5/30 - 13*x**4/24 - 11*x**3/6 + 105*x**2. Suppose -q - 4*j + 7 = 0, 0*j = 3*q - 5*j + 64. Determine h(q).
-11
Let u be (26/91)/(65/35) + (-4)/26. Let a(b) = -b**2 + 2*b - 73. Give a(u).
-73
Let n = -3232 - -3236. Let f(t) = -t**3 - 3*t**2 + 2*t - 2. What is f(n)?
-106
Let x(p) = 7*p - 1. Suppose -26*r - 2*f = -25*r - 43, 5*r = f + 259. Suppose 13*w = 64*w + r. What is x(w)?
-8
Suppose 0 = -123*b + 111*b + 36. Suppose -b*w = 9, -p - 6*w + w - 21 = 0. Let s(t) = -t**2 - 5*t. Calculate s(p).
-6
Let s(g) = g**3 + 15*g**2 + 16*g + 8. Let n(w) = 79*w - 646. Let j be n(8). Calculate s(j).
-20
Let y(n) be the second derivative of n**5/20 + n**4/6 - 5*n**3/6 + 7*n**2/2 + 573*n - 1. Calculate y(-5).
-43
Let s(b) = b**3 + b + 1. Let o(t) = 11*t**3 - 12*t**2 - t + 6. Let p(l) = o(l) - 12*s(l). Suppose -k + 4 = 3*x, -k + 3*x = -6*k - 40. Determine p(k).
16
Suppose -3*v - 2 - 15 = -b, 13 = -b - 3*v. Let n(k) = -2 + 2*k**2 + 12*k - k**3 - 8*k**b - 13*k. Let f(r) = -2*r. Let j be f(3). Calculate n(j).
4
Let j = -158 - -206. Suppose -54*v = -38*v + j. Let w(a) = a**3 + 2*a**2 - 3*a + 2. Give w(v).
2
Suppose -3*c + 73 = -5*k, -2*c - 3*k = 7 - 24. Suppose -22 = 5*d - 4*f - 0*f, -4*f = -4*d - c. Let t(m) = -m**2 - 2*m + 4. Calculate t(d).
-20
Let v = 510 + -321. Let f(m) = -v*m + m**2 + 0*m**2 + 382*m - 194*m - 2. Suppose w + 2*t - 1 = 0, -w = 4*w + 5*t - 10. What is f(w)?
4
Let u(k) be the third derivative of k**6/120 + k**5/60 - k**4/24 + k**3/3 + 14*k**2. Let m be (-16)/(-104) + 10/(-65). Calculate u(m).
2
Let w(p) = 33712 - 67402 - 3*p + 33714. Calculate w(0).
24
Let b(c) = 17*c - 103. Let o be b(7). Let x(a) = -42 + o + 27 - a. Determine x(-3).
4
Let i(z) be the second derivative of -1/6*z**3 - 1 + 9/2*z**2 - z. What is i(0)?
9
Let w(x) = 244*x**2 + 11 - 487*x**2 + 242*x**2 + 6 - 21. Let m = 6 - 6. What is w(m)?
-4
Let c = -303 - -298. Let q(t) = -12*t - 1. Let i(l) = 17*l + 1. Let h(k) = c*i(k) - 7*q(k). Determine h(-6).
8
Let l(r) = 2*r**3 + 3 + 6*r**2 - 4*r + 1 - 34*r**2 - 3*r**3 + 31*r**2. Calculate l(3).
-8
Let y(m) = -3*m - m**2 + 3*m**2 - 4 - m**2. Let x be 30/(-4)*(-870)/(-725). Let v be ((-8)/(-12))/(x/(-54)). Determine y(v).
0
Let o = 17706 - 17711. Let k(c) = c**3 + c - 7*c + 4*c**2 - 3 + 1. Give k(o).
3
Let z(n) = -131*n - 1833. Let c be z(-14). Let j(u) = -3*u**2 + 1. What is j(c)?
-2
Let z = 1 + 4. Let p(g) be the first derivative of 40 + 4*g - g**2 - 59 + 49. Calculate p(z).
-6
Let i(o) = o - 16. Let a be (6 + 3)/(-3 - 21/(-6)). Let f be 74/6 - ((-96)/a)/8. Give i(f).
-3
Suppose -44*s + 35*s - 243 = -36*s. Let g(u) = u**2 - 10*u - 17. Calculate g(s).
-26
Suppose 27*r - 32*r + 190 = 5*z, r - 100 = -3*z. Let k(b) = -2*b**3 + 61*b**2 + 32*b - 30. Calculate k(z).
1
Let h(a) be the third derivative of -5*a**4/12 + 28*a**3/3 + 6*a**2 - 52. What is h(6)?
-4
Let v be 41 + (0 + (6 - 3) - 7). Let q = -29 + v. Let s(i) = -5*i**2 - q - 7*i**2 + 4*i**2 + 9. Calculate s(-1).
-7
Let c(g) = g**2 - 9*g + 11. Let v(z) = 13*z**3 - 18*z - 18. Let d be v(-1). Let o = d - -21. Determine c(o).
3
Let b(s) = -s**3 - 16*s**2 + 18*s + 15. Suppose 30*r - 23*r = -119. Let n be b(r). Let y(l) = -3*l**2 + 3*l + 3. What is y(n)?
-15
Let k(n) = 2*n**2 - 6*n + 7. Suppose 4*m = -5*i - 1, -5*m + 4*i + 18 = -32. Calculate k(m).
43
Let h(v) = 31*v**3 + 8*v**2 - 34*v - 45. Let y(s) = 40*s**3 + 11*s**2 - 45*s - 60. Let w(i) = -9*h(i) + 7*y(i). Give w(-6).
3
Suppose 5*o - 110 - 20 = 0. Let r(s) = 3*s - 75. Let g be r(o). Let b(y) be the third derivative of -y**5/30 + y**4/8 + y**3/3 - y**2. Give b(g).
-7
Suppose -16 = -0*t - 4*t. Let i(h) = 10 - 2*h**2 + 11 + 14*h - 23 - 10*h + 4. Determine i(t).
-14
Let g(x) = -x**2 + 6*x - 12. Suppose 245*s + 26 = 248*s + 2*v, 3*s - 2*v = -2. Give g(s).
-4
Suppose 0 = -2*d + 4, 0*j = 2*j - d + 12. Let v(u) be the third derivative of 0*u - 1/60*u**5 + 0 - 2*u**2 - u**3 - 7/24*u**4. Calculate v(j).
4
Let q = -2833 - -2820. Let p(c) = 3*c - 2. Let a be p(2). Let i(o) = -10 + 3*o**2 - a*o**2 + 2*o - 16*o. What is i(q)?
3
Let r(p) be the third derivative of -5*p**4/24 + 19*p**3/6 - 4*p**2. Let m be r(-5). Let d = 47 - m. Let k(v) = -5*v + 4. Determine k(d).
-11
Let r(n) be the first derivative of -3*n**2 + n + 16. Let w = -61 - -64. Suppose -3*x - w*x = 12. Calculate r(x).
13
Suppose 2*d = -6*d + 16. Let m(z) = -4*z**d + 21 - 8 + 32*z - 4*z. Let j(i) = i**2 - 9*i - 4. Let f(s) = -7*j(s) - 2*m(s). What is f(-8)?
10
Let l(k) = k. Let q(g) = 3*g - 4. Let o(y) = -7*y + 9. Let w(s) = -4*o(s) - 9*q(s). Let i(a) = -6*l(a) + 5*w(a). Give i(10).
-10
Suppose -4*b - 460 = -3*z, -3*z = 4*b - 227 - 225. Suppose -150*r - 26 = -z*r. Let f(l) = -l**3 + 12*l**2 + 16*l - 31. Give f(r).
8
Let t(x) = x**3 - 5*x**2 + 5*x + 2. Let r = -160 - -170. Suppose -y - 5*l + 19 = 0, -3*y + l + r = 1. Calculate t(y).
6
Let y be 15/(4 + 1) - (0 - 3). Let g(h) = 5*h - 2. Let o(c) = 11*c - 4. Let l(r) = y*o(r) - 13*g(r). Let i be l(-3). Let a(p) = p**2 + 3*p + 1. What is a(i)?
-1
Let r(s) = 5 - 4 - 2 - 4*s. Let c = 18976 + -18975. Determine r(c).
-5
Let y(u) be the second derivative of -u**4/24 - 4*u**3 + 9*u**2/2 + 47*u. Let z(w) be the first derivative of y(w). Calculate z(0).
-24
Let w(v) = -2*v - 5. Let l = 194 - 129. Suppose -2*u - 2*g = -3*g - l, -5*u = g - 180. Suppose 5*z + 0*z = -u. Determine w(z).
9
Let o(a) = 13*a + 40. Let p = 6378 - 6380. What is o(p)?
14
Let r(t) be the second derivative of 3*t**4/2 + t**3/6 - t**2/2 + 33*t. Let n be (-1598)/510 + 4/30 + 4. What is r(n)?
18
Suppose -54 - 141 = 5*x. Let n(b) = -b**2 - 39*b - 6. Let p be n(x). Let u(r) = -r**3 - 5*r**2 + 4*r - 6. What is u(p)?
6
Suppose -179*z + 188*z = 18. Let f(u) = 11*u**3 - 3*u**2 + 4*u + 2. Calculate f(z).
86
Let r(o) be the second derivative of -o**8/6720 - o**7/420 + o**6/720 - o**5/60 - 49*o**4/12 + 2*o + 3. Let x(j) be the third derivative of r(j). What is x(-6)?
-8
Let f(r) = -r**3 - 5*r**2 - 5*r + 2. Let p be f(-3). Let x(n) = -2*n**3 - n**2 - 2*n. Let s be x(p). Let a(d) = -2*d**2 - 4*d + 4. What is a(s